t -300 (base 9) to base 4.
-3303
Convert 1527 (base 12) to base 14.
c91
Convert -6332 (base 16) to base 12.
-12842
What is -43200 (base 6) in base 10?
-5904
Convert 105751 (base 8) to base 13.
133c2
What is -6671 (base 8) in base 11?
-2704
Convert 10344 (base 5) to base 2.
1011010100
Convert -3331 (base 6) to base 7.
-2155
101010010 (base 3) to base 15
22b9
697 (base 12) to base 4
33103
What is 211 (base 5) in base 2?
111000
Convert 11634 (base 7) to base 11.
2335
Convert 364b (base 12) to base 2.
1011111011011
What is -3 (base 4) in base 15?
-3
What is -5322 (base 10) in base 7?
-21342
-101000110111 (base 2) to base 10
-2615
What is 21b2 (base 16) in base 12?
4baa
42883 (base 9) to base 14
a505
e412 (base 16) to base 11
3a959
Convert -11102 (base 7) to base 15.
-c65
Convert -2210210 (base 3) to base 14.
-a62
-4553 (base 7) to base 4
-121313
-7117 (base 9) to base 12
-3014
-61 (base 15) to base 2
-1011011
What is -14350 (base 6) in base 14?
-ba2
What is -934 (base 12) in base 5?
-20321
Convert -b597 (base 15) to base 2.
-1001010111111000
What is -6173 (base 8) in base 14?
-1243
Convert -5114 (base 7) to base 6.
-12115
-316 (base 14) to base 4
-21200
What is -1451 (base 6) in base 4?
-12013
173 (base 8) to base 11
102
Convert -42121 (base 5) to base 14.
-1030
What is -11010000 (base 2) in base 11?
-17a
2915 (base 16) to base 10
10517
Convert -24331 (base 7) to base 16.
-18c7
Convert 193 (base 10) to base 2.
11000001
-19478 (base 11) to base 10
-27189
b2a2 (base 14) to base 10
30718
What is 651 (base 7) in base 8?
512
Convert -df0 (base 16) to base 13.
-1816
Convert 1972 (base 10) to base 11.
1533
Convert 220101112 (base 3) to base 5.
1032110
319 (base 14) to base 11
506
What is e9e (base 15) in base 12?
1aab
-10111111101 (base 2) to base 8
-2775
bf82 (base 16) to base 13
19413
What is 115136 (base 7) in base 15?
634e
Convert 1583 (base 14) to base 9.
5235
Convert 1bb3 (base 13) to base 11.
3180
Convert -333 (base 11) to base 14.
-207
What is -332 (base 13) in base 14?
-2b2
-832a (base 16) to base 6
-415242
What is -157 (base 8) in base 15?
-76
What is -1c7 (base 13) in base 11?
-282
2115 (base 10) to base 4
201003
What is -1011011010 (base 2) in base 6?
-3214
Convert -14442 (base 6) to base 11.
-1829
Convert 2075 (base 11) to base 5.
41434
What is -2331 (base 7) in base 8?
-1527
What is -240 (base 7) in base 9?
-150
What is 25244 (base 6) in base 4?
322330
Convert -a31 (base 16) to base 13.
-1259
Convert 48 (base 11) to base 16.
34
992c (base 14) to base 10
26500
Convert -36925 (base 11) to base 10.
-53025
What is -414 (base 7) in base 10?
-207
Convert 148 (base 11) to base 5.
1143
Convert -14422 (base 11) to base 9.
-31067
-2210 (base 7) to base 10
-791
What is -147d (base 15) in base 8?
-10451
What is -111111111111 (base 2) in base 15?
-1330
648 (base 12) to base 5
12140
173 (base 9) to base 11
124
Convert 3213 (base 4) to base 2.
11100111
Convert 1233033 (base 4) to base 16.
1bcf
Convert 3240 (base 5) to base 10.
445
What is 19df (base 16) in base 9?
10068
122231 (base 4) to base 5
23314
1011220221 (base 3) to base 16
5ae8
Convert 1011101000 (base 2) to base 16.
2e8
What is 112102120 (base 3) in base 14?
3b94
122000 (base 5) to base 11
3525
Convert 1001011111100 (base 2) to base 9.
6600
Convert -201 (base 13) to base 10.
-339
-8273 (base 12) to base 11
-a739
What is -9352 (base 12) in base 16?
-3eae
What is 6338 (base 11) in base 8?
20306
What is -728 (base 11) in base 8?
-1555
What is -10011101110011 (base 2) in base 3?
-111212001
-2210 (base 4) to base 10
-164
What is 5fee (base 16) in base 9?
36616
-1321212 (base 4) to base 11
-5935
What is -1005 (base 7) in base 15?
-183
Convert 1100012 (base 3) to base 12.
695
What is 7568 (base 16) in base 12?
15488
What is -5624 (base 7) in base 4?
-133223
Convert bf4 (base 16) to base 4.
233310
-34a5 (base 11) to base 4
-1013300
1115 (base 7) to base 16
194
What is 2026 (base 10) in base 11?
1582
What is -2533 (base 8) in base 7?
-3666
-16140 (base 7) to base 6
-33000
-332033 (base 5) to base 2
-10110011111110
-1100111100 (base 2) to base 11
-693
29366 (base 11) to base 5
2313241
What is 1730 (base 9) in base 6?
10043
What is 5256 (base 7) in base 15?
839
Convert -75a7 (base 15) to base 12.
-124b7
What is 1091 (base 10) in base 9?
1442
What is 2407 (base 13) in base 7?
20542
320214 (base 5) to base 3
112122201
Convert -1634 (base 8) to base 10.
-924
1070 (base 8) to base 4
20320
Convert -1102 (base 7) to base 14.
-202
What is -164d (base 15) in base 9?
-6521
What is -220020 (base 3) in base 4?
-22032
-3302 (base 4) to base 2
-11110010
Convert 70554 (base 8) to base 6.
342232
What is -11011011100 (base 2) in base 7?
-5056
Convert 5a6 (base 14) to base 4.
101212
Convert -22e (base 15) to base 13.
-2c0
What is -b06b (base 13) in base 14?
-8ba8
What is -96 (base 14) in base 6?
-340
755 (base 9) to base 7
1541
-3606 (base 8) to base 15
-886
Convert -3cb (base 13) to base 10.
-674
-96f6 (base 16) to base 12
-1a446
Convert 60612 (base 7) to base 14.
5509
-11021122 (base 3) to base 13
-1562
What is -7733 (base 10) in base 12?
-4585
What is 11101101111001 (base 2) in base 8?
35571
101100011011110 (base 2) to base 3
1011012121
-230032 (base 4) to base 8
-5416
What is 1992 (base 10) in base 4?
133020
What is -37d (base 14) in base 5?
-10244
71 (base 12) to base 6
221
-348 (base 14) to base 16
-28c
What is 124041 (base 5) in base 13?
22c8
Convert -110110111 (base 2) to base 3.
-121021
-2489 (base 10) to base 4
-212321
25c6 (base 16) to base 8
22706
-1404 (base 11) to base 15
-814
Convert 210012 (base 3) to base 2.
1000111100
What is 13a (base 14) in base 3?
100012
13004 (base 8) to base 2
1011000000100
What is -200022012 (base 3) in base 7?
-53621
Convert -11010010 (base 2) to base 14.
-110
-1916 (base 12) to base 2
-101111100010
What is -222b4 (base 12) in base 11?
-3108a
What is -2201202 (base 3) in base 9?
-2652
6577 (base 13) to base 2
11011100101101
Convert 21787 (base 9) to base 4.
3202201
-7834 (base 9) to base 14
-2170
Convert 881 (base 15) to base 10.
1921
Convert -946b (base 14) to base 2.
-110001111100111
What is c91 (base 16) in base 5?
100332
-10104 (base 7) to base 11
-1931
-112032 (base 4) to base 5
-21142
What is 654 (base 8) in base 4?
12230
What is -1447 (base 14) in base 13?
-1833
Convert 1543 (base 7) to base 3.
211221
177 (base 15) to base 11
287
141a (base 16) to base 11
3959
Convert -4640 (base 15) to base 5.
-434120
What is 104134 (base 5) in base 14?
14a1
761 (base 8) to base 11
412
-192 (base 10) to base 6
-520
Convert -1546 (base 9) to base 8.
-2230
What is 111100001000111 (base 2) in base 6?
354315
What is 3939 (base 11) in base 12?
2b70
111010101010010 (base 2) to base 14
ad34
Convert 57d (base 14) to base 8.
2103
What is -588 (base 11) in base 6?
-3125
What is 15432 (base 12) in base 15?
8d45
What is -1438 (base 9) in base 12?
-768
Convert 12231 (base 6) to base 15.
814
Convert -362a (base 14) to base 2.
-10010011100110
Convert -9e67 (base 15) to base 14.
-c378
Convert -40231 (base 5) to base 8.
-5006
What is -53cd (base 14) in base 7?
-60146
2063 (base 7) to base 6
3215
3850 (base 12) to base 11
4895
Convert -7271 (base 8) to base 15.
-11b4
What is 221233 (base 4) in base 5?
41141
What is -211202211 (base 3) in base 13?
-772c
-24517 (base 8) to base 7
-42555
Convert -101011100011 (base 2) to base 13.
-1365
Convert 6696 (base 15) to base 13.
9b85
Convert 6b96 (base 14) to base 6.
222452
46d0 (base 14) to base 9
17824
What is -8479 (base 10) in base 16?
-211f
Convert -1 (base 15) to base 12.
-1
Convert -1100001110 (base 2) to base 7.
-2165
What is 2133230 (base 4) in base 3?
112000112
-152 (base 8) to base 3
-10221
-4b8a (base 12) to base 6
-103454
Convert -310340 (base 5) to base 4.
-2131233
1201 (base 5) to base 12
128
What is 3247 (base 11) in base 5?
114121
What is -d75a (base 14) in base 8?
-110404
Convert -885 (base 16) to base 6.
-14033
What is -14367 (base 8) in base 3?
-22202201
What is a676 (base 13) in base 9?
34585
What is 130 (base 10) in base 12?
aa
-1101111001100 (base 2) to base 8
-15714
Convert 10212122 (base 3) to base 6.
21025
What is -200524 (base 6) in base 12?
-9144
What is -12723 (base 9) in base 11?
-6515
Convert 44445 (base 8) to base 11.
13083
-2111313 